 - 19. Suppose 51*p = 61*p + 110. Determine r(p).
3
Let n(z) = -3*z**3 - 9*z**2 - 3. Let v(g) = -g**3 - g**2 - g - 1. Let k(c) = -5*c - 39. Let j be k(-8). Let q(o) = j*n(o) - 4*v(o). Determine q(3).
-5
Suppose 6 = -2*z + 5*r, -109*z + 111*z + 10 = 3*r. Let v(j) = -j + 4. Determine v(z).
12
Let p(o) be the second derivative of o**5/20 - o**2 + 3*o. Let d(g) = g**3 - 16*g**2 + 15*g + 10. Let f be d(15). Suppose 0 = 11*c - f*c. Give p(c).
-2
Let q(k) be the first derivative of 27*k**4/4 + k**2/2 - k - 80. Calculate q(1).
27
Let x(u) = 5*u**2 + 50*u + 7. Suppose -b = -4*z - 45, 5*z + 32*b + 25 = 27*b. Give x(z).
7
Let p = -5 - -9. Let f(j) be the third derivative of 2*j**2 + 0*j - 1/24*j**4 + 1/3*j**3 + 0. Calculate f(p).
-2
Let y(h) = 10*h + 9. Let n(b) be the third derivative of -b**4/24 - b**3/6 - 5*b**2. Let p(l) = 18*n(l) + 2*y(l). What is p(-3)?
-6
Let u be 0 + -6 + 3 - (-14 - -1). Let o = u - 16. Let k(s) = s**3 + 5*s**2 - 7*s + 6. Calculate k(o).
12
Suppose -10*r = -3*r + 28. Let f(a) = -a**3 - 5*a**2 - 5*a + 3. Give f(r).
7
Let f(q) = -q - 12. Let z(k) = -2*k**2 - 4*k - 2. Let s be z(-3). Let y be f(s). Let a(g) = -g + 1. Give a(y).
5
Let y be -14*4/16*6/(-3). Let c(f) = f + 0 + 3*f - y*f + 3. Determine c(6).
-15
Let c(b) be the second derivative of b**4/6 - b**3/2 + b**2/2 - b. Let u = 484 - 481. Calculate c(u).
10
Let y(l) be the first derivative of l**7/280 - l**5/120 + 13*l**3/3 + 4. Let t(a) be the third derivative of y(a). Calculate t(-1).
-2
Let f(c) be the first derivative of -3*c**2/2 - 3*c - 1. Suppose 0 = -5*h + 3 + 22. Suppose -3*o - h*l - 9 = 0, 3*o + 2*o - l + 15 = 0. Determine f(o).
6
Suppose -d - 1 = -3. Let u(g) = d*g**3 - 2*g - 3*g**2 - g**3 - 4 - 2*g**3. Suppose -3*x - 8 = 1. Give u(x).
2
Let g(t) = t**2 + 6*t - 4. Let o(v) = v - 3. Let z = -2 + 3. Let c be (-30)/10 + -2 + z. Let l be o(c). Calculate g(l).
3
Let t = 2 - 3. Let d(c) = 2*c**2 - 30*c + 5. Let s be d(15). Let q(u) = -s*u - 82 - 78 + 161. What is q(t)?
6
Let o = 322 - 320. Let x(z) = -z**2 + 2*z - 2. What is x(o)?
-2
Let z(n) = -n - 1. Let v(q) = 2*q**2 + 12*q + 9. Let y(t) = v(t) + 6*z(t). Determine y(-4).
11
Let y(d) be the third derivative of -d**6/60 + d**5/15 - d**4/12 - d**3/3 + 2*d**2. Suppose -r + 8*r = 0. Suppose -2*o + 4 = -r*o. Determine y(o).
-6
Let j(x) = 3*x + 0*x**2 - 3 + 3*x - x**2 + 44 + 11*x. Calculate j(19).
3
Let c be (0 - 3/6)*0. Let s = c - 2. Let p(r) be the first derivative of -r**4/2 - r**3 + r**2/2 + 2*r - 44. Calculate p(s).
4
Suppose 2 = -g - 4*q - 6, -2*g + 2*q - 6 = 0. Let z(y) be the first derivative of y**3/3 + y**2/2 - 5*y - 3214. What is z(g)?
7
Let w(b) = -8*b**3 + 62*b - 66*b + 9*b**3 - 4 - 4*b**2. Determine w(5).
1
Suppose -10 = -8*s + 6*s. Let g(i) = s*i - 2*i + 8 - 2*i. Determine g(-7).
1
Let l(p) = 147*p + 3 - 76*p - 70*p. Give l(-5).
-2
Suppose 0 = -2*z - 6 - 16. Let h = z - -11. Suppose h = l + 3*q - 6, 0*q + 6 = 2*q. Let s(j) = 2*j**2 + j. Calculate s(l).
15
Suppose 0 = -5*m - 20 + 45. Let y(t) = 2*t - 1 - m*t + t - 3. Let d be (-20)/6*141/94. Give y(d).
6
Let a(h) = -1 + 3*h**3 - 29*h - 4*h**3 - 6*h**2 + 25*h. Let c be (-6)/9 - 13/3. What is a(c)?
-6
Suppose 3*d + d - 12 = 0. Suppose 5*l = 2*a + d, -4*l + 6 = -a - 0*l. Let s(h) = 2*h - 11. Let c(i) = -i + 6. Let m(r) = a*s(r) + 11*c(r). Determine m(4).
4
Let i(c) = 2*c**3 - 2*c**2 + 3*c + 3. Let l(f) = -3*f**3 + 4*f**2 - 4*f - 4. Let n(h) = -4*i(h) - 3*l(h). What is n(3)?
-9
Let h be 26 + (-2)/(0 - 2). Let m = h - 25. Let l(r) = 4*r**2 - 2*r**2 - r**2 + 9*r**m + r. Calculate l(1).
11
Let m(g) = -g**3 - 6*g**2 - 3*g + 5. Let v be m(-5). Let d(q) be the second derivative of q**3 + 1/2*q**2 + 0 + 1/12*q**4 + 3*q. Calculate d(v).
-4
Let b(j) be the second derivative of j**3/2 + 13*j**2/2 + 256*j. Give b(-6).
-5
Let n(g) be the first derivative of g**2/2 - 11*g + 135. Calculate n(5).
-6
Suppose -8*p + 13 + 43 = 0. Let q(z) = -2*z + 28. Give q(p).
14
Let i(c) = c - 8. Let s be i(8). Let f(l) = 2*l - l + s*l - 2*l. Give f(3).
-3
Let m(q) = 4*q**2 - 13*q + 5. Let x(l) = 3*l**2 - 11*l + 5. Let u(a) = -4*m(a) + 5*x(a). What is u(4)?
-23
Let j(c) = -c + 1. Suppose -5*n - 8*n + 156 = 0. Let q = n + -6. Give j(q).
-5
Let g = 393 + -393. Let u(v) = -v - 4. What is u(g)?
-4
Let m(j) = -j - 7. Let t be 2*(-3)/(-2) - -12. Let q(f) = 5 - t - f + 5 - 13. Let v be q(-13). Calculate m(v).
-2
Let i(b) = -3*b + 7. Suppose 0 = 4*c + 5*v - 101, 0*v - 5*v - 43 = -2*c. Suppose -5*r + c = -2*m, 7*m - 6 = r + 3*m. What is i(r)?
-11
Let l(t) = -3*t - 1. Let q(y) = y**3 - 4*y**2 - 5*y - 2. Let c be q(5). Let r be (23 + 0 + -1)/c. Let m = 9 + r. Determine l(m).
5
Let u be ((-5)/8*-4)/(25/20). Let h(a) = -2 - 3 - 3 - u*a + 20. Give h(9).
-6
Let i = 442 - 437. Let z(v) = v**3 - 4*v**2 + 1. Calculate z(i).
26
Let b(j) = -7*j + 1. Let g be 6/(-15) + 0 - (-154)/110. What is b(g)?
-6
Suppose 7*l + 5*f = 2*l + 15, -5*f = 10. Let d(n) = 4*n + 3. Determine d(l).
23
Let s(b) be the third derivative of b**6/120 - b**5/12 - 7*b**4/24 - 2*b**3/3 + 180*b**2 + b. Give s(6).
-10
Let m(y) be the third derivative of -y**6/120 + 3*y**5/20 - 7*y**4/24 - 5*y**3/3 - y**2 - 75. Give m(8).
-2
Let h(c) = 4*c + 11 - 11 + 2*c**2. Let n = -6 + 5. Let x be (0 - 2)*1 + n. Give h(x).
6
Let g(m) be the third derivative of -m**4/8 + 4578*m**2. Let b be 2/(-4)*(1 + 1). What is g(b)?
3
Let h(m) = -7*m + 36. Let j = -1014 + 1021. Give h(j).
-13
Let g(p) = -3*p - 2. Let l(h) be the first derivative of -3*h**2/2 - 2*h - 8. Let f(y) = 5*g(y) - 6*l(y). Let k = 6 + -4. Calculate f(k).
8
Let l(m) = -m. Suppose -20*h + 9*h = -55. Determine l(h).
-5
Let v(t) = 3*t - 3. Let r be 74/4 - (-9)/(-6). Let g = r - 24. Let a = -4 - g. Calculate v(a).
6
Let z = 8 - 0. Let s = -4 + z. Let b(u) = s - 2 - u + 3 - 4. Determine b(1).
0
Suppose 4*o + 4*s = 2*s - 10, -5*o + 3*s - 18 = 0. Let t(i) = 5*i + 1. Give t(o).
-14
Let t(o) be the second derivative of -o**5/20 + o**2/2 - 4*o. Let w be t(1). Let r(l) = 1 - 2*l - 2 + l + w. What is r(2)?
-3
Let g(y) = -3*y + 8. Suppose -2*u = 12 - 30. Determine g(u).
-19
Let b be (-4)/3*36/8. Let z(d) be the first derivative of -d**7/840 - d**6/60 + d**5/120 - 2*d**3 + 6. Let c(v) be the third derivative of z(v). Determine c(b).
-6
Let z be (8/6)/((-13)/(-78)). Let y(t) = t - 9. What is y(z)?
-1
Let y(z) = z**2 + 13*z - 6. Let x(l) = 4*l - 94. Let q be x(22). Give y(q).
-48
Let c be (6 - 160/25)*(-75)/6. Suppose -3*n = -b - 0*b - 13, -5*n - b + 35 = 0. Suppose -2*j = c*g - 11, j - n = -0*g - 3*g. Let d(f) = -6*f**3 + f. Give d(g).
-5
Let o(c) = 15*c - 14 - 2*c**2 + 4 + 18*c - 49*c. What is o(-8)?
-10
Let a = -10 - -12. Let z(r) = 0*r - a*r + 4*r - 11 + 9. Let c be (-4 - (-1 + 0))*-1. Determine z(c).
4
Let j be (57 - -1)*4/8. Let l = 34 - j. Let c(f) = f**2 - 7*f + 1. What is c(l)?
-9
Suppose -3*z = -p - 2*p + 24, -5*p = -2*z - 22. Let v be 9/6 + 9/z. Let m(k) = 3*k - 2. Let w(s) = -s + 1. Let c(r) = -2*m(r) - 5*w(r). What is c(v)?
-1
Let j(t) = t**2 + t - 3. Let l be j(-3). Let c(w) = l*w**3 - 3 + 3 + 0*w**2 + w**2 - 1. What is c(-1)?
-3
Suppose o - 4*o = -6. Suppose 61 = -5*f - m, 0 = -5*f + o*f - 5*m - 41. Let a = 10 + f. Let q(z) = z**3 + z**2 - 2. Calculate q(a).
-6
Let v = -4 + 3. Let l(r) = -r**2 - r. Let a(j) = -7*j**2 - 8*j - 1. Let m(d) = -a(d) + 6*l(d). Calculate m(v).
0
Let o(f) = 33*f + 11. Let n(r) = 11*r + 3. Let p(m) = -8*n(m) + 3*o(m). What is p(-1)?
-2
Let z(t) be the second derivative of -t**4/12 + 5*t**3/3 - 4*t**2 - 4*t + 26. Calculate z(7).
13
Let g(u) = -4*u**2 + 49 + 51 - 99 - 3*u**2. Calculate g(-2).
-27
Let k(x) = 4*x - 6*x + 8*x + 4. Determine k(6).
40
Let o(v) = 24*v + 233. Let f be o(-10). Let n(j) = j**3 + 6*j**2 - 8*j - 4. What is n(f)?
3
Let c(j) = -4*j - 5. Let x be c(-3). Let w(o) = 0*o + 3 + x*o - 8*o. What is w(-7)?
10
Let k(u) be the first derivative of u**4/4 + 2*u**3/3 + u**2/2 + u + 642. Let o be 2/1*(-2)/(-4). Let h be ((-1)/2)/(o/6). Determine k(h).
-11
Let r(j) be the second derivative of j**4/12 - j**3 - j. Let l(y) = 2*y**2 - 5*y - 7. Let p be l(4). Let c be r(p). Let q(x) = 3*x + 2. Calculate q(c).
-13
Let f(s) = 8 + s**2 - s**3 + 7*s**2 - 6*s + 0*s**3. Suppose 0 = -275*c + 286*c - 77. Determine f(c).
15
Let x be 252/240 - (1 - (-6)/(-5)). Let b(h) be the first deriv